-54) - (0 - (19 - 0)).
21
Evaluate (16 + -9 - 5) + 5.
7
What is 6 - 3 - (-14 + 5 + -2)?
14
What is 2 + 4 + -1 + (4 - 12) - 3?
-6
Calculate (11 - 27) + 13 + 7 + -1 + 1.
4
What is -5 + (5 - 1) + (-13 - -3)?
-11
Calculate -13 + -30 + (-14 - -15) - -17.
-25
Calculate (-4 - (-2 + 2 - 11)) + 0 + 2.
9
Calculate (15 - (46 + -43)) + (-26 - 0).
-14
Evaluate 1186 + -1187 - (0 + 10 - 1).
-10
What is the value of -7 + (6 - (7 + -12)) + -11 - 4?
-11
(-6 - -10) + -3 + 10 - (-35 - -19)
27
What is (-3 - -2) + 153 + -151?
1
Evaluate -36 + (166 - 143) + 1 + -9.
-21
What is 0 - 0 - (-1 - -1) - (569 - 569)?
0
Evaluate (0 + -2 + 2 - -8) + 22 + -17.
13
What is the value of 10 + -3 + (-11 + (6 - 3) - 5)?
-6
What is the value of (-2 - -5) + 22 + 6 + -15 - 3?
13
What is the value of 8 - (-1 - (-1 - ((-19 - -11) + 18)))?
-2
-14 - (-25 + 49 - 59)
21
-9 + 12 + -6 - -7
4
15 + -6 + (21 - (8 + -1))
23
What is -18 + -9 + (0 - -8) + 11?
-8
What is 6 + (6 + -9 - 4) - (-1 - -9)?
-9
Evaluate (8 - (16 + 1)) + -1 + 2.
-8
Evaluate 42 - (2 + -2 + 7) - (0 - -5).
30
What is 41 - 42 - (-13 + 44)?
-32
What is 9 - (14 + 4 + -16)?
7
What is the value of -2 + -10 + (-1 - 0)?
-13
What is the value of 8 + (-14 - (-7 + 6)) - -28?
23
Calculate 0 + -2 + 29 + (2 - (11 - 4)).
22
What is the value of 61 + -52 + -2 + 1 + -16?
-8
Evaluate -140 - -137 - (-2 + 8).
-9
Calculate 1 + -7 - (-3 + -9 + (2 - -4)).
0
(2 - -5 - (-74 - -88)) + 7 - -9
9
-3 + 3 + -7 + 76 + -64
5
Calculate 3 + 3 + -9 + (18 - -1).
16
Calculate (-77 - -60) + 0 + 9 - -29.
21
What is the value of -4 - 0 - (-80 - -77)?
-1
Calculate (-12 - 15) + (2 - -1 - -12) + -5.
-17
What is the value of (3 - 9 - 27) + 48?
15
(-12 - -5) + 1 - -5
-1
What is the value of 5 - 2 - (53 - 34)?
-16
1 + 21 + 58 + -87
-7
What is the value of (-18 + (10 - -1) - -4) + 4?
1
What is -236 + 256 + (0 - 15)?
5
What is the value of -615 - -575 - (-55 + -2)?
17
What is -1 + 1 - -3 - 19?
-16
Evaluate -1320 + 1314 - (-28 + 1).
21
What is -14 + (-37 + 19 - (5 - -2))?
-39
(17 - 14 - -9) + -4
8
Evaluate (5 - -9) + -2 - 9.
3
Evaluate 1 + -13 + 20 + -27.
-19
Calculate (-8 - (3 - 3 - 1)) + 49 + -50.
-8
Evaluate -7 - -1 - ((-1 - -7) + -3).
-9
Calculate (-26 - (-11 + 1)) + -2.
-18
What is the value of (-3 + (-10 - -8) - -3) + 11 - -12?
21
Evaluate 37 + -19 + 8 + -12 + -11.
3
What is the value of 7 + (-12 + 6 - -13 - (14 - 1))?
1
Evaluate 0 - 43 - (1092 + -1126).
-9
Calculate 11 + 0 + (39 - 34) + -5 + -3.
8
Calculate 29 + -36 - 8 - -25.
10
Evaluate 0 - (2 + -10 - (4 - 7) - -3).
2
16 + (16 + -1 - 45)
-14
What is the value of 15 + (12 + -25 - -13)?
15
Evaluate (22 + -21 + -15 - (-5 + -1)) + -13.
-21
What is 10 + (-6 - 7) + 5 - (-2 + 2)?
2
Calculate 22 + (17 - 19) + -30.
-10
(19 + -18 - 12) + -17 + -1
-29
What is the value of (4 + -11 - (-1 - 4)) + -7 + 3?
-6
Evaluate 21 + -4 + 2 + (4 - 5) + 0.
18
Calculate 7 - (-5 + -4 + 1 + 7).
8
Evaluate -1 + -6 + (4 - 7) - 6.
-16
Calculate (-5 - (-9 - -3) - 1) + 7.
7
What is the value of 0 + -31 + -3 + 0?
-34
What is the value of (44 - 57) + 2 + 14?
3
Calculate (3 - -11) + (-47 - -40) - (1 + 14).
-8
What is 3 + -5 + -4 + 25 + -49 + 33?
3
What is the value of -8 - (-10 + 0 + 4) - 0?
-2
Evaluate 47 + -31 + 7 + -47.
-24
What is (-3 - -35) + (-31 - -19)?
20
Evaluate 9 - (4 + (6 - 11)).
10
What is (5 - ((-5 - -1) + 10)) + -1 + 3?
1
Calculate (-9 + 5 + -6 - -5) + 1 + -5.
-9
What is 1 - ((-13 - -8) + (3 - 5) - 15)?
23
-6 + 21 + -19 + (-4 - 0) + 16
8
What is (6 - 2) + 27 + -9 + -8?
14
What is -2 + (-1 - -6 - 9 - (-1 + 1))?
-6
Calculate 40 + -74 + 26 - (-31 + -1).
24
Calculate 8 - (17 - 9) - (10 + -22).
12
What is 14 - (8 + 5 + -8 + -3)?
12
Evaluate 1 + 6 + -7 + -17.
-17
(-18 - (3 + (-7 - -20))) + 1 + 10
-23
Evaluate (-31 + 0 - (-18 - -1 - -9)) + 5.
-18
-14 + (10 + -8 - -6) + 25 + 8
27
Evaluate (4 - 3) + -4 + (-15 - -17).
-1
Calculate (-2 - (3 + -3)) + 26 + (3 - -5).
32
What is 1 + 6 + (-21 - -31 - 24)?
-7
Evaluate -32 + 54 + -30 - (3 - (1 - 3)).
-13
Calculate -42 + 33 + 8 + 6 + 12.
17
What is -3 - ((-1 - 3) + -3 - 0)?
4
Evaluate -3 + 16 + -12 + (0 + -17 - -2).
-14
Evaluate (256 - 242) + (2 - 0) + 16.
32
What is the value of (155 - 142) + -3 + (7 - -2)?
19
What is -2 + -2 + 16 + -1 - (204 + -205)?
12
What is -20 - (-10 + 16 + 1 + -8)?
-19
Calculate (6 - 3) + (25 - 17).
11
Calculate 25 + (-21 + 20 - 17).
7
What is 15 - (-15 - -34 - 14)?
10
(18 - -1) + 61 + -61
19
Calculate 16 - (-6 - (-26 - -16)) - -15.
27
What is the value of 48 + -54 + ((3 - 0) + 14 - 3)?
8
Evaluate -16 + (-2 - -14 - -8).
4
-15 + (17 - (14 + -8))
-4
What is the value of (8 + (-15 - -7) - -2) + 0?
2
What is the value of -42 + 44 + (-14 - -2)?
-10
What is the value of 8 - ((15 - -29 - 25) + 0 + -3)?
-8
Evaluate 2 + -1 + 1 + 5 + -10 - -7.
4
Calculate -5 + (-16 - -28) + (8 - -3).
18
What is the value of -5 + 2 + -8 - (-11 + 15)?
-15
-7 + (28 - (24 + -5))
2
Evaluate 708 + -728 + 1 + (0 - -3).
-16
What is the value of 34 - (-25 + (4 - -66))?
-11
What is the value of -5 - (-10 - ((9 - 1) + 52 + -43))?
22
Calculate -5 + (-78 - -94 - (22 + -2)).
-9
Evaluate 6 + (-2 - -11) - (-12 + 30).
-3
What is the value of (4 - 2) + (-18 + 5 - -8) + 13?
10
Calculate (-3 - -4 - (8 + -1)) + 3 + -18.
-21
Evaluate -1 + 21 + (3 - 20).
3
-27 + (36 - (38 - 26))
-3
What is 1 + 8 + -9 + -7 + 1?
-6
Calculate 1 - 6 - (-3 + 14 - (-14 + 17)).
-13
Calculate -4 - (-9 + 28 - 28).
5
What is -16 + 40 + -14 + -6?
4
Calculate 3 + (0 - (2 - 9 - 3)).
13
What is (11 - (-6 - -5)) + (-28 - -29)?
13
What is (-4 + 9 - 10) + 15?
10
-37 + (12 - 1) - -1
-25
19 + -31 + (-1 - 7 - 13)
-33
What is the value of 2 + 5 - (-13 + (-4 + 7 - -2))?
15
-108 - -113 - (1 - -26)
-22
What is the value of 18 - (5 - (-3 - (8 + -14 + -5)))?
21
Evaluate 2 - (-19 + 1 + -1 + 0 + 6).
15
What is the value of -32 - (33 - 26 - ((0 - -3) + 13))?
-23
What is 9 + -39 + 30 + -27?
-27
What is 1441 + -1418 + (4 - -1)?
28
Calculate -29 - -29 - (2 + (7 - (-1 + 1))).
-9
What is the value of (2 + 5 + (-7 - -4) - -3) + -5?
2
-7 + 16 + (-12 - -7) + 22
26
Calculate (-25 - 21) + 14 + -2.
-34
23 - (33 - 5) - (3 + (-26 - 4))
22
Calculate -91 - -88 - (2 + -1).
-4
Calculate (21 - 28 - (-10 + (2 - 2))) + -2.
1
What is (-13 - -7) + (4 - ((-11 - 0) + 7))?
2
What is the value of (10 - 8) + -12 + 23?
13
Evaluate 1 + -9 - (23 - 3 - 35).
7
What is (-23 - (-3 - 7)) + 21?
8
What is 4 + -2 - (3 + -11)?
10
What is -6 + -8 + (1 - (-5 + 7)) + 6?
-9
What is the value of 14 + (-10 - (-20 - -8)) + (-4 - 2)?
10
(-1 - 2) + (23 - (8 + -1 + -3))
16
Calculate 27 + 0 + 20 + -37.
10
Calculate -2 + 9 + -3 + 3 - 9.
-2
What is the value of 21 - (-4 + -15 + 10) - (0 - 0)?
30
What is 51 + -56 - (-3 + (0 - 0 - -1))?
-3
What is the value of -8 + (-1 - -1) - (-2377 + 2385)?
-16
What is the value of (-3 - 0) + 0 + 5 + (-32 - -21)?
-9
Calculate -629 - -626 - (-3 + -1 + -1).
2
What is the value of (0 - (-3 + -1 + (-47 - -55))) + -15?
-19
What is -20 - (-1 + 3 - 7 - (61 - 62))?
-16
What is 0 + 11 - (13 + 0) - -13?
11
What is -4 + (-4 - -1 - (-15 - -18))?
-10
What is the value of (-4 - -2) + -3 + (5 - 13)?
-13
Evaluate 0 - (0 - -4) - (-256 - -252).
0
What is the value of (-3 - -1) + (4 - (21 + -6)) + 4?
-9
Calculate -27 - ((4 - 16) + -4).
-11
What is 5 + -2 + 1 + (-10 - -27) + -9?
12
What is the value of 5 + (0 - (-3 - -6) - (5 + -19))?
16
-115 - -76 - (-38 - -3)
-4
What is the value of -2 + (23 - (3 + 18))?
0
Calculate -95 + 39 + 74 + -4 + 1.
15
Evaluate (1 - 0) + 27 + -3 - (-36 - -41).
20
What is the value of (-19 - -10 - -3) + 14 + 1 - 3?
6
What is 11 + (-2 - (-11 - -20)) + (0 - 8)?
-8
Calculate (21 - 0) + -21 - (-3 + (3 - 3)).
3
What is -2 + 10 + 4 + 11?
23
What is 20 - (21 - -3 - -6)?
-10
Evaluate (4 - 4) + (13 - (2 - -24)).
-13
Evaluate -2 + 33 + (-1 - -7) + -19 + 11.
29
What is 6 - (11 + (-1 - (1 + (-12 - -3))))?
-12
-9 + (-35 - (-5 - 18))
-21
Calculate -15 + (-1 - -18) + 8.
10
27 - 34 - ((-1 - -3) + 4)
-13
Evaluate (-1 + -1 - (87 - 79)) + 16.
6
-28 - (-28 + 14 + -38)
24
-88 + 66 + (17 - 2)
-7
Calculate -13 + (5 - (11 + -7)).
-12
-17 + (2 - (-17 + 4))
-2
What is the value of -8 + (-6 - -20) + 23 - (6 + -1)?
24
13 + (15 - 14) - 14
0
Evaluate -17 + (-11 + 59 - 17).
14
Evaluate 20 - (-26 + 16 + 47).
-17
Evaluate -10 + 29 - 9 - (0 + -2).
12
What is 4 + (-1 - -13) - (11 - (6 + 1))?
12
What is the value of (-17 